its digit of 360287701?
1
What is the hundred millions digit of 1859037998?
8
What is the millions digit of 647495437?
7
What is the hundred thousands digit of 32813456?
8
What is the units digit of 971140503?
3
What is the tens digit of 132961061?
6
What is the units digit of 175424912?
2
What is the millions digit of 237651675?
7
What is the hundreds digit of 683443016?
0
What is the hundred millions digit of 208190282?
2
What is the millions digit of 178946664?
8
What is the units digit of 310968147?
7
What is the hundreds digit of 42775518?
5
What is the hundreds digit of 30515100?
1
What is the hundred thousands digit of 69608848?
6
What is the ten thousands digit of 15903307?
0
What is the millions digit of 43942154?
3
What is the thousands digit of 71875234?
5
What is the billions digit of 1420941972?
1
What is the thousands digit of 81024376?
4
What is the hundred millions digit of 515680177?
5
What is the ten millions digit of 4107997867?
0
What is the tens digit of 9279618?
1
What is the hundreds digit of 72198803?
8
What is the hundreds digit of 29310504?
5
What is the hundreds digit of 3356784155?
1
What is the units digit of 754479166?
6
What is the thousands digit of 38302096?
2
What is the ten millions digit of 91131105?
9
What is the hundred millions digit of 402422973?
4
What is the millions digit of 731935631?
1
What is the ten thousands digit of 1964141130?
4
What is the millions digit of 247921130?
7
What is the hundred thousands digit of 422003199?
0
What is the thousands digit of 232692156?
2
What is the hundred millions digit of 203732796?
2
What is the thousands digit of 113621425?
1
What is the ten millions digit of 941098588?
4
What is the ten millions digit of 2270124067?
7
What is the ten millions digit of 40175391?
4
What is the ten millions digit of 58165342?
5
What is the tens digit of 2935113?
1
What is the hundreds digit of 147303764?
7
What is the hundred thousands digit of 159062764?
0
What is the millions digit of 846018757?
6
What is the tens digit of 123032478?
7
What is the hundreds digit of 2323198846?
8
What is the thousands digit of 57748551?
8
What is the thousands digit of 359923367?
3
What is the tens digit of 163600461?
6
What is the millions digit of 3469783119?
9
What is the billions digit of 1304092768?
1
What is the ten millions digit of 1692546927?
9
What is the hundred millions digit of 108783413?
1
What is the ten thousands digit of 113900609?
0
What is the hundreds digit of 18757375?
3
What is the ten millions digit of 136405153?
3
What is the hundreds digit of 34598134?
1
What is the ten millions digit of 53406028?
5
What is the tens digit of 85453048?
4
What is the ten millions digit of 79780199?
7
What is the hundred thousands digit of 50656204?
6
What is the ten millions digit of 544885042?
4
What is the hundred thousands digit of 197347675?
3
What is the thousands digit of 665813685?
3
What is the ten thousands digit of 37851100?
5
What is the thousands digit of 75784288?
4
What is the ten thousands digit of 2865822632?
2
What is the units digit of 377347365?
5
What is the ten thousands digit of 43753120?
5
What is the hundreds digit of 133828527?
5
What is the hundreds digit of 803753416?
4
What is the millions digit of 16180510?
6
What is the hundred millions digit of 7048289850?
0
What is the millions digit of 69606357?
9
What is the ten thousands digit of 40234818?
3
What is the tens digit of 1905561732?
3
What is the ten thousands digit of 2073614877?
1
What is the thousands digit of 215777885?
7
What is the millions digit of 82441608?
2
What is the tens digit of 813630552?
5
What is the hundred millions digit of 159788229?
1
What is the ten millions digit of 758337364?
5
What is the millions digit of 215015383?
5
What is the ten millions digit of 471817839?
7
What is the millions digit of 1219102536?
9
What is the units digit of 306815290?
0
What is the hundreds digit of 1858955845?
8
What is the units digit of 84113184?
4
What is the ten millions digit of 229704273?
2
What is the tens digit of 172539295?
9
What is the hundred thousands digit of 900814?
9
What is the tens digit of 67035213?
1
What is the ten thousands digit of 46829834?
2
What is the ten thousands digit of 1112319013?
1
What is the hundreds digit of 4970976357?
3
What is the hundreds digit of 4998411012?
0
What is the thousands digit of 82691573?
1
What is the tens digit of 17848199?
9
What is the hundreds digit of 735006259?
2
What is the millions digit of 285976947?
5
What is the millions digit of 19634392?
9
What is the hundred millions digit of 1129055071?
1
What is the hundred millions digit of 336251548?
3
What is the ten millions digit of 170843847?
7
What is the hundreds digit of 237754626?
6
What is the hundred millions digit of 1502862056?
5
What is the thousands digit of 214677031?
7
What is the ten thousands digit of 800469049?
6
What is the units digit of 70293388?
8
What is the hundreds digit of 33724100?
1
What is the units digit of 13586308?
8
What is the tens digit of 93635793?
9
What is the units digit of 60010821?
1
What is the tens digit of 56507183?
8
What is the tens digit of 86758076?
7
What is the hundreds digit of 216423864?
8
What is the billions digit of 2442353623?
2
What is the billions digit of 4699156637?
4
What is the ten thousands digit of 429445239?
4
What is the thousands digit of 211530529?
0
What is the hundreds digit of 8345120?
1
What is the ten millions digit of 1309552468?
0
What is the ten millions digit of 148749966?
4
What is the millions digit of 86787981?
6
What is the hundred millions digit of 1663473790?
6
What is the hundred millions digit of 713386493?
7
What is the thousands digit of 85036032?
6
What is the tens digit of 8223485?
8
What is the hundred thousands digit of 5391973913?
9
What is the billions digit of 2243533479?
2
What is the ten millions digit of 14514383?
1
What is the millions digit of 1168272375?
8
What is the units digit of 84128071?
1
What is the ten thousands digit of 544802429?
0
What is the hundred millions digit of 322918209?
3
What is the millions digit of 6395538013?
5
What is the hundred thousands digit of 119882997?
8
What is the hundreds digit of 55345317?
3
What is the billions digit of 1253485918?
1
What is the ten millions digit of 1533541393?
3
What is the units digit of 405195892?
2
What is the units digit of 931817399?
9
What is the hundred thousands digit of 4689717275?
7
What is the thousands digit of 78995313?
5
What is the thousands digit of 685484812?
4
What is the millions digit of 129218317?
9
What is the ten millions digit of 3514066499?
1
What is the tens digit of 19352607?
0
What is the millions digit of 579100387?
9
What is the hundred thousands digit of 1655362?
6
What is the tens digit of 61333292?
9
What is the tens digit of 63652618?
1
What is the ten millions digit of 252227951?
5
What is the millions digit of 611530956?
1
What is the tens digit of 96825584?
8
What is the tens digit of 215102450?
5
What is the billions digit of 2930898647?
2
What is the units digit of 217574366?
6
What is the ten thousands digit of 57759306?
5
What is the thousands digit of 83680305?
0
What is the millions digit of 624409069?
4
What is the thousands digit of 19285075?
5
What is the thousands digit of 772244149?
4
What is the thousands digit of 395183385?
3
What is the ten thousands digit of 3278789498?
8
What is the millions digit of 2573376050?
3
What is the millions digit of 32547075?
2
What is the units digit of 97147119?
9
What is the thousands digit of 254336852?
6
What is the units digit of 42434727?
7
What is the ten millions digit of 197917497?
9
What is the ten thousands digit of 693743084?
4
What is the units digit of 527178366?
6
What is the units digit of 94115692?
2
What is the ten millions digit of 395555264?
9
What is the hundred thousands digit of 14118028?
1
What is the hundreds digit of 1162318157?
1
What is the ten thousands digit of 35712107?
1
What is the units digit of 3395233340?
0
What is the hundreds digit of 620305957?
9
What is the hundred millions digit of 524606295?
5
What is the millions digit of 23708250?
3
What is the ten millions digit of 131646839?
3
What is the units digit of 264766877?
7
Wh